 What is f(q)?
9
Suppose z = 4*z - 6. Suppose 0 = -w + 4*w - 2*n - 7, n = w - z. Let b(t) = w + 4*t**2 - 2*t**2 - 3*t**2 - t**3. Determine b(0).
3
Let n(g) = 26*g - 4 - g**2 - 59*g + 29*g. Let y(m) = -m**3 + 9*m**2 - 3*m + 24. Let d be y(9). Determine n(d).
-1
Let l(i) = i**3 - i**2 - i + 8. Let j = 0 + 5. Suppose 7*r - 5 = 2*r - 5*z, j*z = r - 13. Let s = -3 + r. Calculate l(s).
8
Let g = 9 - 7. Suppose 0 = -0*d + 3*d - g*i - 32, -4*d = -2*i - 40. Let j(o) = o - 2. Calculate j(d).
6
Let p(j) = 2*j**3 - 6*j**2 + 6*j - 1. Let s(f) = f**3 - 2*f**2 + 3*f - 1. Let m(b) = 2*p(b) - 5*s(b). Calculate m(2).
-19
Let y(f) = 0*f - 5 + 0*f + 18174*f**2 - 18175*f**2. Let k(o) = o**2 + 2*o + 1. Let g be k(-1). Calculate y(g).
-5
Let g(d) be the third derivative of -d**5/60 + d**4/4 - d**3/6 - 167*d**2. Determine g(10).
-41
Let b(q) be the first derivative of q**3/3 + q**2/2 - 5*q + 7. Let w(r) = r**2 + 2*r - 6. Let c(k) = 5*b(k) - 4*w(k). Give c(3).
-1
Let k(a) = -3*a + 358 - 722 + 4*a + 366. Give k(-3).
-1
Let z be -38*(-27)/(-6) - 2. Let u = 181 + z. Let n(j) = -j**2 + 8*j + 2. What is n(u)?
2
Let z(r) = r**3 + 3*r**2 + 2. Suppose -13*n - 8 - 18 = 0. Calculate z(n).
6
Let c(a) = -11*a + 4. Let x(n) = -4*n. Let z(i) = -c(i) + 2*x(i). Give z(5).
11
Let o be (3/2)/((-1)/(-2)). Let p(t) be the first derivative of -9 + t - 3/2*t**2. Give p(o).
-8
Let s = -2 + 3. Let t(p) = p**2 - 3*p**2 - p + 3*p + 37 - 38 - 6*p**3. Give t(s).
-7
Let u(w) = 2*w - 1. Let s(v) = 5*v**3 + 6*v**2 - 8*v - 3. Let t(a) = 6*a**3 + 5*a**2 - 7*a - 2. Let l(p) = -5*s(p) + 4*t(p). Let b be l(-11). Determine u(b).
-9
Let a(c) = 3*c**2 - c - 4. Let u(y) = -3*y**2 + 2*y + 5. Suppose -32 = 5*p + 4*k, -p - 3*k = 4*p + 29. Let i(q) = p*a(q) - 3*u(q). Give i(-2).
-7
Let s(n) be the third derivative of -n**5/60 - 5*n**4/24 - n**3/6 + 2*n**2. Let y = 17 + -14. Suppose -8*d = -y*d + 20. Calculate s(d).
3
Let y(r) be the third derivative of -r**4/12 - r**3/6 + 2*r**2. Suppose -x + 17 = 14. Suppose -x = 2*m + 1. Give y(m).
3
Let x(m) = -9*m**2 - m - 1. Suppose -u + 3*k + 21 = 4*u, -1 = u + 2*k. Let d be (-6)/(-18)*u*-1. Give x(d).
-9
Let d(w) = -w**2 + 19*w + 14. Let r be d(20). Let i(g) = g**2 + 5*g + 5. Give i(r).
11
Let l(a) = -2*a**2 - 2*a + 1. Let c(t) = 3*t. Let r be c(8). Let v = -20 + r. Suppose 5*d = -v*z + 18, -z = -5*z + 8. Give l(d).
-11
Let l(b) be the second derivative of b**5/20 + b**4/4 - 4*b**3/3 - 3*b**2/2 - 97*b. Give l(-5).
-13
Let g(y) be the second derivative of 0 - 5/12*y**4 - y**2 - y + 1/20*y**5 + 5/6*y**3. Determine g(4).
2
Let t(o) = 20*o - 58. Let x be t(4). Let s(v) = -2 - 3*v - 15*v**3 - 8*v**3 + x*v**3 + 3 + 4*v**2. Determine s(4).
-11
Let d(j) = 2*j - 2. Suppose 0 = 2*o - 6, -2*p - 2*p = -5*o + 127. Let x = 26 + p. Determine d(x).
-6
Let x(n) = n**2 - 4*n - 5. Let a be x(5). Let i be 70/6 + (-10)/15. Let b(r) = -i + 13 + r - 13 - r**2. Calculate b(a).
-11
Let u(d) = -11*d + 25. Let j(v) = 6*v - 13. Let n(o) = -5*j(o) - 3*u(o). Let y(q) = -5*q + 19. Let f(a) = 7*n(a) + 4*y(a). Let h = -2 + -3. Calculate f(h).
1
Suppose 4*o = 43 + 137. Let f = o - 46. Let u(p) = p + 1. Calculate u(f).
0
Let f = -25 + 25. Let a(u) = -5*u**2 + f*u**2 + 2 - 4*u + 3*u + u**3 - 2*u. Let x be 3/(-2) + (-65)/(-10). Give a(x).
-13
Let a(v) = v + 11. Let g(s) = -8*s + 320. Let i be g(41). Calculate a(i).
3
Let k(r) = -20*r**2 - 43*r - 36. Let u(w) = -11*w**2 - 22*w - 18. Let d(t) = 6*k(t) - 11*u(t). Calculate d(17).
-1
Suppose 4*k - 21 = 23. Let a(y) = 13*y**3 - 14*y**2 + 9*y - 11. Let o(q) = -7*q**3 + 7*q**2 - 5*q + 6. Let v(g) = k*o(g) + 6*a(g). Determine v(7).
-7
Let m(s) = s**2 + 3*s. Let k(i) = 1. Let t(g) = 4*k(g) - m(g). Let r = 87 - 92. Give t(r).
-6
Let v(i) = 16*i + 7. Let o(d) be the second derivative of -11*d**3/2 - 15*d**2/2 - 13*d. Let l(c) = -6*o(c) - 13*v(c). Determine l(-1).
9
Let u be 4*-1*3/(-6). Let i be (-3)/(-6) - (-3)/u. Let t(x) = -x**2 + 2*x. Let w be t(i). Let l(m) = -m + 3. Calculate l(w).
3
Suppose -16*a + 20 = -11*a. Suppose 44*j + a = 43*j. Let n(o) = -2*o**2 - 3*o - 3. Determine n(j).
-23
Let m(n) = -10*n + 2. Let y(h) = h + 1. Let l(q) = -m(q) + 3*y(q). Suppose -c - 2*d = -9 + 2, -3*d + 9 = 0. Calculate l(c).
14
Let u(n) be the second derivative of -5*n**4/12 - 6*n**3 - 5*n**2 + 5*n. Let h(y) = y**2 + 7*y + 2. Let a(i) = -11*h(i) - 2*u(i). Determine a(-4).
2
Let t(k) = k**3 - 4*k**2 + 9*k + 3. Let a(i) = i**3 - 3*i**2 + 9*i + 3. Let o(c) = 5*a(c) - 6*t(c). Let d = -2114 - -2122. Give o(d).
-11
Let d(t) be the first derivative of -t**5/10 - t**4/3 + t**3/6 + 2*t**2 - 28*t + 27. Let h(c) be the first derivative of d(c). Give h(-3).
19
Let z(k) be the second derivative of -k**4/12 - k**2 - 2*k. Suppose 10*m + 117 = 7*m. Let c = m - -41. Determine z(c).
-6
Let z(x) be the first derivative of -4*x**2 + 24*x - 61. Suppose -4*y = y - 55. Let t(p) = 3*p - 8. Let o(g) = y*t(g) + 4*z(g). Give o(-4).
4
Let s be (-2 + (-6)/(-2))*-5. Let b(i) = -60*i + 58*i - 1 + 0 + 2. What is b(s)?
11
Let i(o) = o**2 + 5*o + 3. Suppose -4*a + 41*f = 40*f + 6, -5*a + 3*f - 11 = 0. Give i(a).
-1
Let c(q) = 9 - 70*q - 2 + 5 + 60*q. Let k(z) = -7*z + 8. Let r(p) = -5*c(p) + 7*k(p). Let g(d) = -d + 6. Let u be g(6). Give r(u).
-4
Suppose 4*f - 5 = 3*f. Suppose -s - 4*s = -5*r + 25, -f*s = 3*r - 23. Let l(x) = 1 + r + x**3 + 2*x**2 + 2*x + 4*x**2. What is l(-6)?
-5
Let l(h) = -3*h**3 - 8*h**2 - h - 4. Let j(d) = 7*d**3 + 17*d**2 + d + 9. Let c(u) = 2*j(u) + 5*l(u). Determine c(-5).
-12
Let f = -10 - -5. Let j(a) be the third derivative of a**6/360 + 7*a**5/120 + 5*a**4/24 - a**3/3 + 10*a**2. Let k(c) be the first derivative of j(c). Give k(f).
-5
Let p(l) = -l - 2. Let z(f) = -7. Let s(i) = p(i) - z(i). Determine s(3).
2
Let m be 2/(-8) - 3/(-12). Let k(u) = m*u + 0 + u + 3 - 2. Suppose 4*c = 7 + 5. Give k(c).
4
Let n(o) be the second derivative of -o**3/6 + 3*o**2/2 + 10*o + 6. What is n(-9)?
12
Suppose 0 = 3*x + y + 6, 3*y = 3*x - y + 6. Let q be -7 + 4 + 3 - x. Let m(z) = -10*z + 1. What is m(q)?
-19
Let z be (3 + 1 - 2)*-1. Let h(d) = -301628*d + 2 - d**2 + 301628*d. What is h(z)?
-2
Let w(z) = z**2 + 21*z + 21. Let t(r) = -r**2 - 23*r - 21. Let v(f) = -2*t(f) - 3*w(f). Determine v(-14).
21
Let z(t) = -13*t**3 - 2*t**2 + 15*t + 9. Let v(k) = -15*k**3 + 15*k + 10. Let d(c) = -6*v(c) + 7*z(c). Determine d(-15).
3
Let v(d) = d**3 - 4*d**2 - 4*d + 22. Let p(w) = -w**3 + 5*w**2 + 6*w - 24. Let s(j) = 5*p(j) + 4*v(j). Determine s(10).
8
Suppose 1028*u = 1025*u. Let i(s) be the third derivative of 0*s + u - 1/24*s**4 + 7/6*s**3 + 1/120*s**6 + s**2 + 0*s**5. Calculate i(0).
7
Let x(w) = 2*w**2 - 6. Let m(i) = -10*i**2 + 2*i + 26. Let t(r) = -m(r) - 4*x(r). Let n be (5 - 0)*(-2)/(-5). Determine t(n).
2
Suppose 0 = 6*i + 2 - 14. Let x(r) = 2 - 3 - 5 + r + i*r. Determine x(4).
6
Let d(h) be the first derivative of 2*h**2 - 3*h + 5. Let s = -199 + 201. Calculate d(s).
5
Let r(l) = -64*l + 23*l - 10 + 11 + 20*l. Suppose 3*k - 4*k + 7 = 2*v, -v - 24 = -5*k. Determine r(v).
-20
Let n = 1 + 6. Let t be (26/(-10))/(n/(-35)). Suppose -3*z = -t - 2. Let x(l) = l**2 - 4*l - 7. What is x(z)?
-2
Let b(j) = j**3 - 6*j**2 + 7*j. Suppose 0 = 6*l - 12 - 6. Let n be b(l). Let i(p) = p**2 + 6*p - 2. Determine i(n).
-2
Let s(o) be the third derivative of o**4/24 - 13*o**3/6 - 33*o**2. What is s(10)?
-3
Let h(k) = -6*k**2 + k**3 - 39*k + 29*k - 2*k**2 + 7. Calculate h(9).
-2
Let l = -2493 + 2484. Let x(g) = g**3 + 9*g**2 - 3*g - 18. Determine x(l).
9
Let s(y) = y**3 - 20*y**2 - 20*y - 24. Let w be s(21). Let o(t) = t**2 + 4*t + 5. Give o(w).
2
Let h(f) = 2*f**2 - 3*f + 3. Let q be (4 + (-3)/(-3))*1. Suppose -4*t + 3 = -q. Let c = 1 + t. What is h(c)?
12
Let z(b) = b**3 + 9*b**2 + 10*b + 7. Suppose 2*j - 4*l = 120, -3*l - 2*l + 225 = 5*j. Let h = -58 + j. Determine z(h).
-9
Let w(j) = j**2 - 8. Let n = -141 - -146. Suppose n*c = 148 - 148. Give w(c).
-8
Let f(m) = 9*m**2 - 1. Let u(a) = -a**3 + 9*a**2 - 12*a - 2. Let n be u(7). Suppose 0 = n*s - 14*s + 2. What is f(s)?
8
Let n be (-12)/30 + (-1 - 174/(-10)). Suppose 0 = -4*a - 20, -m - 5*a - n = -3*a. Let x(i) = -i**2 - 6*i - 2. Give x(m).
-2
Let z(p) = -7*p**3 + p**2 - 5*p. Let u(s) = 15*s**3 - s**2 + 10*s. Let x(q) = 6*u(q) + 13*z(q). Suppose 6*l + 263 + 7 = 0. Let v 